{"id":898,"date":"2025-06-02T13:32:23","date_gmt":"2025-06-02T13:32:23","guid":{"rendered":"https:\/\/ferreteriaterriza.com\/?page_id=898"},"modified":"2025-07-31T13:55:38","modified_gmt":"2025-07-31T13:55:38","slug":"politica-de-privacidad","status":"publish","type":"page","link":"https:\/\/ferreteriaterriza.com\/en\/politica-de-privacidad\/","title":{"rendered":"Pol\u00edtica de privacidad"},"content":{"rendered":"<p>[et_pb_section fb_built=\u00bb1&#8243; prev_background_color=\u00bb#ffffff\u00bb next_background_color=\u00bb#ffffff\u00bb _builder_version=\u00bb4.27.4&#8243; _module_preset=\u00bbdefault\u00bb background_color=\u00bb#1246AB\u00bb background_image=\u00bbhttp:\/\/ferreteriaterriza.com\/wp-content\/uploads\/2025\/05\/R3-1-TIENDAEXTERIOR-FACHADA-scaled.jpg\u00bb background_blend=\u00bbsoft-light\u00bb custom_padding=\u00bb160px||160px||true|\u00bb top_divider_style=\u00bbasymmetric\u00bb top_divider_height=\u00bb50px\u00bb top_divider_flip=\u00bbvertical|horizontal\u00bb bottom_divider_style=\u00bbasymmetric3&#8243; global_colors_info=\u00bb{}\u00bb theme_builder_area=\u00bbpost_content\u00bb][et_pb_row _builder_version=\u00bb4.27.4&#8243; _module_preset=\u00bbdefault\u00bb width=\u00bb90%\u00bb max_width=\u00bb1270px\u00bb global_colors_info=\u00bb{}\u00bb theme_builder_area=\u00bbpost_content\u00bb][et_pb_column type=\u00bb4_4&#8243; _builder_version=\u00bb4.27.4&#8243; _module_preset=\u00bbdefault\u00bb global_colors_info=\u00bb{}\u00bb theme_builder_area=\u00bbpost_content\u00bb][et_pb_text _builder_version=\u00bb4.27.4&#8243; _dynamic_attributes=\u00bbcontent\u00bb _module_preset=\u00bbdefault\u00bb text_font=\u00bb|700|||||||\u00bb text_text_color=\u00bb#FFFFFF\u00bb text_font_size=\u00bb45px\u00bb text_line_height=\u00bb1em\u00bb text_text_shadow_style=\u00bbpreset3&#8243; global_colors_info=\u00bb{}\u00bb theme_builder_area=\u00bbpost_content\u00bb]@ET-DC@eyJkeW5hbWljIjp0cnVlLCJjb250ZW50IjoicG9zdF90aXRsZSIsInNldHRpbmdzIjp7ImJlZm9yZSI6IiIsImFmdGVyIjoiIn19@[\/et_pb_text][\/et_pb_column][\/et_pb_row][\/et_pb_section][et_pb_section fb_built=\u00bb1&#8243; _builder_version=\u00bb4.27.4&#8243; _module_preset=\u00bbdefault\u00bb custom_padding=\u00bb0px||5px|||\u00bb top_divider_height=\u00bb55px\u00bb global_colors_info=\u00bb{}\u00bb theme_builder_area=\u00bbpost_content\u00bb][et_pb_row _builder_version=\u00bb4.27.4&#8243; _module_preset=\u00bbdefault\u00bb width=\u00bb90%\u00bb max_width=\u00bb1270px\u00bb custom_padding=\u00bb||||false|false\u00bb locked=\u00bboff\u00bb global_colors_info=\u00bb{}\u00bb theme_builder_area=\u00bbpost_content\u00bb][et_pb_column type=\u00bb4_4&#8243; _builder_version=\u00bb4.27.4&#8243; _module_preset=\u00bbdefault\u00bb global_colors_info=\u00bb{}\u00bb theme_builder_area=\u00bbpost_content\u00bb][et_pb_text _builder_version=\u00bb4.27.4&#8243; _module_preset=\u00bbdefault\u00bb text_text_color=\u00bb#1B1B1B\u00bb text_font_size=\u00bb18px\u00bb global_colors_info=\u00bb{}\u00bb theme_builder_area=\u00bbpost_content\u00bb]<\/p>\n<p><b>\u00bfQui\u00e9n es el responsable del tratamiento de tus datos personales?\u00a0<\/b><\/p>\n<p><b>JOS\u00c9 TERRIZA MORO, C.B. <\/b><span style=\"font-weight: 400;\">es el RESPONSABLE del tratamiento de los datos personales del USUARIO y le informa de que estos datos ser\u00e1n tratados de conformidad con lo dispuesto en el Reglamento (UE) 2016\/679, de 27 de abril (GDPR), y la Ley Org\u00e1nica 3\/2018, de 5 de diciembre (LOPDGDD).\u00a0<\/span><\/p>\n<p><b>\u00bfPara qu\u00e9 tratamos tus datos personales?\u00a0<\/b><\/p>\n<p><span style=\"font-weight: 400;\">Para mantener una relaci\u00f3n comercial con el usuario. Las operaciones previstas para realizar el tratamiento son:\u00a0<\/span><\/p>\n<p><span style=\"font-weight: 400;\">Tramitar encargos, solicitudes, dar respuesta a las consultas o cualquier tipo de petici\u00f3n que sea realizada por el USUARIO a trav\u00e9s de cualquiera de las formas de contacto que se ponen a su disposici\u00f3n en la p\u00e1gina web del <\/span><span style=\"font-weight: 400;\">RESPONSABLE.\u00a0<\/span><\/p>\n<p><b>\u00bfPor qu\u00e9 motivo podemos tratar tus datos personales?\u00a0<\/b><\/p>\n<p><span style=\"font-weight: 400;\">Porque el tratamiento est\u00e1 legitimado por el art\u00edculo 6 del GDPR de la siguiente forma:\u00a0<\/span><\/p>\n<p><span style=\"font-weight: 400;\">Por inter\u00e9s leg\u00edtimo del RESPONSABLE: tramitar las consultas o solilcitudes, etc. a petici\u00f3n del <\/span><span style=\"font-weight: 400;\">USUARIO<\/span><span style=\"font-weight: 400;\">. <\/span><b>\u00bfDurante cu\u00e1nto tiempo guardaremos tus datos personales?\u00a0<\/b><\/p>\n<p><span style=\"font-weight: 400;\">Se conservar\u00e1n durante durante un plazo de un a\u00f1o, tras lo cual se suprimir\u00e1n con medidas de seguridad adecuadas para garantizar la destrucci\u00f3n total de los mismos.\u00a0<\/span><\/p>\n<p><b>\u00bfA qui\u00e9n facilitamos tus datos personales?\u00a0<\/b><\/p>\n<p><span style=\"font-weight: 400;\">No est\u00e1 prevista ninguna comunicaci\u00f3n de datos personales a terceros salvo, si fuese necesario para el desarrollo y ejecuci\u00f3n de las finalidades del tratamiento, a nuestros proveedores de servicios relacionados con comunicaciones, con los cuales el <\/span><span style=\"font-weight: 400;\">RESPONSABLE <\/span><span style=\"font-weight: 400;\">tiene suscritos los contratos de confidencialidad y de encargado de tratamiento exigidos por la normativa vigente de privacidad.\u00a0<\/span><\/p>\n<p><b>\u00bfCu\u00e1les son tus derechos?\u00a0<\/b><\/p>\n<p><span style=\"font-weight: 400;\">Los derechos que asisten al USUARIO son:\u00a0<\/span><\/p>\n<p><span style=\"font-weight: 400;\">Derecho de acceso, rectificaci\u00f3n, portabilidad y supresi\u00f3n de sus datos, y de limitaci\u00f3n u oposici\u00f3n a su tratamiento. <\/span><span style=\"font-weight: 400;\">Derecho a revocar el consentimiento, cuando esta sea la base del tratamiento.\u00a0<\/span><\/p>\n<p><span style=\"font-weight: 400;\">Derecho a presentar una reclamaci\u00f3n ante la autoridad de control (www.aepd.es) si considera que el tratamiento no se ajusta a la normativa vigente.\u00a0<\/span><\/p>\n<p><b>Datos de contacto para ejercer sus derechos<\/b><span style=\"font-weight: 400;\">:\u00a0<\/span><\/p>\n<p><span style=\"font-weight: 400;\">JOS\u00c9 TERRIZA MORO, C.B.. Bulevar Ciudad de V\u00edcar, 646 &#8211; 04738 V\u00edcar (Almer\u00eda). E-mail:\u00a0<\/span><\/p>\n<p><span style=\"font-weight: 400;\">protecciondedatos@ferreteriaterriza.com.<\/span><\/p>\n<p><b>JOS\u00c9 TERRIZA MORO, C.B.\u00a0<\/b><\/p>\n<p><span style=\"font-weight: 400;\">Bulevar Ciudad de V\u00edcar, 646 &#8211; 04738 V\u00edcar (Almer\u00eda) ESPA\u00d1A\u00a0<\/span><\/p>\n<p><span style=\"font-weight: 400;\">1\u00a0<\/span><\/p>\n<p><span style=\"font-weight: 400;\">JOS\u00c9 TERRIZA MORO, C.B. <\/span><\/p>\n<ol start=\"2\">\n<li><b> MEDIDAS DE SEGURIDAD\u00a0<\/b><\/li>\n<\/ol>\n<p><span style=\"font-weight: 400;\">Que de conformidad con lo dispuesto en las normativas vigentes en protecci\u00f3n de datos personales, el RESPONSABLE est\u00e1 cumpliendo con todas las disposiciones de las normativas GDPR y LOPDGDD para el tratamiento de los datos personales de su responsabilidad, y manifiestamente con los principios descritos en el art\u00edculo 5 del GDPR, por los cuales son tratados de manera l\u00edcita, leal y transparente en relaci\u00f3n con el interesado y adecuados, pertinentes y limitados a lo necesario en relaci\u00f3n con los fines para los que son tratados.\u00a0<\/span><\/p>\n<p><span style=\"font-weight: 400;\">El RESPONSABLE garantiza que ha implementado pol\u00edticas t\u00e9cnicas y organizativas apropiadas para aplicar las medidas de seguridad que establecen el GDPR y la LOPDGDD con el fin de proteger los derechos y libertades de los USUARIOS y les ha comunicado la informaci\u00f3n adecuada para que puedan ejercerlos.\u00a0<\/span><\/p>\n<p><span style=\"font-weight: 400;\">Para m\u00e1s informaci\u00f3n sobre las garant\u00edas de privacidad, puedes dirigirte al RESPONSABLE a trav\u00e9s de JOS\u00c9 TERRIZA MORO, C.B.. Bulevar Ciudad de V\u00edcar, 646 &#8211; 04738 V\u00edcar (Almer\u00eda). E-mail: protecciondedatos@ferreteriaterriza.com<\/span><\/p>\n<p>[\/et_pb_text][\/et_pb_column][\/et_pb_row][\/et_pb_section]<\/p>","protected":false},"excerpt":{"rendered":"<p>\u00bfQui\u00e9n es el responsable del tratamiento de tus datos personales?\u00a0 JOS\u00c9 TERRIZA MORO, C.B. es el RESPONSABLE del tratamiento de los datos personales del USUARIO y le informa de que estos datos ser\u00e1n tratados de conformidad con lo dispuesto en el Reglamento (UE) 2016\/679, de 27 de abril (GDPR), y la Ley Org\u00e1nica 3\/2018, de [&hellip;]<\/p>","protected":false},"author":2,"featured_media":0,"parent":0,"menu_order":0,"comment_status":"closed","ping_status":"closed","template":"","meta":{"_et_pb_use_builder":"on","_et_pb_old_content":"","_et_gb_content_width":"","footnotes":""},"class_list":["post-898","page","type-page","status-publish","hentry"],"_links":{"self":[{"href":"https:\/\/ferreteriaterriza.com\/en\/wp-json\/wp\/v2\/pages\/898","targetHints":{"allow":["GET"]}}],"collection":[{"href":"https:\/\/ferreteriaterriza.com\/en\/wp-json\/wp\/v2\/pages"}],"about":[{"href":"https:\/\/ferreteriaterriza.com\/en\/wp-json\/wp\/v2\/types\/page"}],"author":[{"embeddable":true,"href":"https:\/\/ferreteriaterriza.com\/en\/wp-json\/wp\/v2\/users\/2"}],"replies":[{"embeddable":true,"href":"https:\/\/ferreteriaterriza.com\/en\/wp-json\/wp\/v2\/comments?post=898"}],"version-history":[{"count":4,"href":"https:\/\/ferreteriaterriza.com\/en\/wp-json\/wp\/v2\/pages\/898\/revisions"}],"predecessor-version":[{"id":1438,"href":"https:\/\/ferreteriaterriza.com\/en\/wp-json\/wp\/v2\/pages\/898\/revisions\/1438"}],"wp:attachment":[{"href":"https:\/\/ferreteriaterriza.com\/en\/wp-json\/wp\/v2\/media?parent=898"}],"curies":[{"name":"wp","href":"https:\/\/api.w.org\/{rel}","templated":true}]}}

Política de privacidad

<p>[et_pb_section fb_built=»1&#8243; prev_background_color=»#ffffff» next_background_color=»#ffffff» _builder_version=»4.27.4&#8243; _module_preset=»default» background_color=»#1246AB» background_image=»http://ferreteriaterriza.com/wp-content/uploads/2025/05/R3-1-TIENDAEXTERIOR-FACHADA-scaled.jpg» background_blend=»soft-light» custom_padding=»160px||160px||true|» top_divider_style=»asymmetric» top_divider_height=»50px» top_divider_flip=»vertical|horizontal» bottom_divider_style=»asymmetric3&#8243; global_colors_info=»{}» theme_builder_area=»post_content»][et_pb_row _builder_version=»4.27.4&#8243; _module_preset=»default» width=»90%» max_width=»1270px» global_colors_info=»{}» theme_builder_area=»post_content»][et_pb_column type=»4_4&#8243; _builder_version=»4.27.4&#8243; _module_preset=»default» global_colors_info=»{}» theme_builder_area=»post_content»][et_pb_text _builder_version=»4.27.4&#8243; _dynamic_attributes=»content» _module_preset=»default» text_font=»|700|||||||» text_text_color=»#FFFFFF» text_font_size=»45px» text_line_height=»1em» text_text_shadow_style=»preset3&#8243; global_colors_info=»{}» theme_builder_area=»post_content»]@ET-DC@eyJkeW5hbWljIjp0cnVlLCJjb250ZW50IjoicG9zdF90aXRsZSIsInNldHRpbmdzIjp7ImJlZm9yZSI6IiIsImFmdGVyIjoiIn19@[/et_pb_text][/et_pb_column][/et_pb_row][/et_pb_section][et_pb_section fb_built=»1&#8243; _builder_version=»4.27.4&#8243; _module_preset=»default» custom_padding=»0px||5px|||» top_divider_height=»55px» global_colors_info=»{}» theme_builder_area=»post_content»][et_pb_row _builder_version=»4.27.4&#8243; _module_preset=»default» width=»90%» max_width=»1270px» custom_padding=»||||false|false» locked=»off» global_colors_info=»{}» theme_builder_area=»post_content»][et_pb_column type=»4_4&#8243; _builder_version=»4.27.4&#8243; _module_preset=»default» global_colors_info=»{}» theme_builder_area=»post_content»][et_pb_text _builder_version=»4.27.4&#8243; _module_preset=»default» text_text_color=»#1B1B1B» text_font_size=»18px» global_colors_info=»{}» theme_builder_area=»post_content»]</p>
<p><b>¿Quién es el responsable del tratamiento de tus datos personales? </b></p>
<p><b>JOSÉ TERRIZA MORO, C.B. </b><span style="font-weight: 400;">es el RESPONSABLE del tratamiento de los datos personales del USUARIO y le informa de que estos datos serán tratados de conformidad con lo dispuesto en el Reglamento (UE) 2016/679, de 27 de abril (GDPR), y la Ley Orgánica 3/2018, de 5 de diciembre (LOPDGDD). </span></p>
<p><b>¿Para qué tratamos tus datos personales? </b></p>
<p><span style="font-weight: 400;">Para mantener una relación comercial con el usuario. Las operaciones previstas para realizar el tratamiento son: </span></p>
<p><span style="font-weight: 400;">Tramitar encargos, solicitudes, dar respuesta a las consultas o cualquier tipo de petición que sea realizada por el USUARIO a través de cualquiera de las formas de contacto que se ponen a su disposición en la página web del </span><span style="font-weight: 400;">RESPONSABLE. </span></p>
<p><b>¿Por qué motivo podemos tratar tus datos personales? </b></p>
<p><span style="font-weight: 400;">Porque el tratamiento está legitimado por el artículo 6 del GDPR de la siguiente forma: </span></p>
<p><span style="font-weight: 400;">Por interés legítimo del RESPONSABLE: tramitar las consultas o solilcitudes, etc. a petición del </span><span style="font-weight: 400;">USUARIO</span><span style="font-weight: 400;">. </span><b>¿Durante cuánto tiempo guardaremos tus datos personales? </b></p>
<p><span style="font-weight: 400;">Se conservarán durante durante un plazo de un año, tras lo cual se suprimirán con medidas de seguridad adecuadas para garantizar la destrucción total de los mismos. </span></p>
<p><b>¿A quién facilitamos tus datos personales? </b></p>
<p><span style="font-weight: 400;">No está prevista ninguna comunicación de datos personales a terceros salvo, si fuese necesario para el desarrollo y ejecución de las finalidades del tratamiento, a nuestros proveedores de servicios relacionados con comunicaciones, con los cuales el </span><span style="font-weight: 400;">RESPONSABLE </span><span style="font-weight: 400;">tiene suscritos los contratos de confidencialidad y de encargado de tratamiento exigidos por la normativa vigente de privacidad. </span></p>
<p><b>¿Cuáles son tus derechos? </b></p>
<p><span style="font-weight: 400;">Los derechos que asisten al USUARIO son: </span></p>
<p><span style="font-weight: 400;">Derecho de acceso, rectificación, portabilidad y supresión de sus datos, y de limitación u oposición a su tratamiento. </span><span style="font-weight: 400;">Derecho a revocar el consentimiento, cuando esta sea la base del tratamiento. </span></p>
<p><span style="font-weight: 400;">Derecho a presentar una reclamación ante la autoridad de control (www.aepd.es) si considera que el tratamiento no se ajusta a la normativa vigente. </span></p>
<p><b>Datos de contacto para ejercer sus derechos</b><span style="font-weight: 400;">: </span></p>
<p><span style="font-weight: 400;">JOSÉ TERRIZA MORO, C.B.. Bulevar Ciudad de Vícar, 646 &#8211; 04738 Vícar (Almería). E-mail: </span></p>
<p><span style="font-weight: 400;">protecciondedatos@ferreteriaterriza.com.</span></p>
<p><b>JOSÉ TERRIZA MORO, C.B. </b></p>
<p><span style="font-weight: 400;">Bulevar Ciudad de Vícar, 646 &#8211; 04738 Vícar (Almería) ESPAÑA </span></p>
<p><span style="font-weight: 400;">1 </span></p>
<p><span style="font-weight: 400;">JOSÉ TERRIZA MORO, C.B. </span></p>
<ol start="2">
<li><b> MEDIDAS DE SEGURIDAD </b></li>
</ol>
<p><span style="font-weight: 400;">Que de conformidad con lo dispuesto en las normativas vigentes en protección de datos personales, el RESPONSABLE está cumpliendo con todas las disposiciones de las normativas GDPR y LOPDGDD para el tratamiento de los datos personales de su responsabilidad, y manifiestamente con los principios descritos en el artículo 5 del GDPR, por los cuales son tratados de manera lícita, leal y transparente en relación con el interesado y adecuados, pertinentes y limitados a lo necesario en relación con los fines para los que son tratados. </span></p>
<p><span style="font-weight: 400;">El RESPONSABLE garantiza que ha implementado políticas técnicas y organizativas apropiadas para aplicar las medidas de seguridad que establecen el GDPR y la LOPDGDD con el fin de proteger los derechos y libertades de los USUARIOS y les ha comunicado la información adecuada para que puedan ejercerlos. </span></p>
<p><span style="font-weight: 400;">Para más información sobre las garantías de privacidad, puedes dirigirte al RESPONSABLE a través de JOSÉ TERRIZA MORO, C.B.. Bulevar Ciudad de Vícar, 646 &#8211; 04738 Vícar (Almería). E-mail: protecciondedatos@ferreteriaterriza.com</span></p>
<p>[/et_pb_text][/et_pb_column][/et_pb_row][/et_pb_section]</p>

<p>¿Quién es el responsable del tratamiento de tus datos personales?  JOSÉ TERRIZA MORO, C.B. es el RESPONSABLE del tratamiento de los datos personales del USUARIO y le informa de que estos datos serán tratados de conformidad con lo dispuesto en el Reglamento (UE) 2016/679, de 27 de abril (GDPR), y la Ley Orgánica 3/2018, de [&hellip;]</p>
